{"id":45096,"date":"2025-10-13T16:25:09","date_gmt":"2025-10-13T08:25:09","guid":{"rendered":"https:\/\/www.chefstemp.com\/?post_type=avada_faq&#038;p=45096"},"modified":"2025-10-17T15:53:06","modified_gmt":"2025-10-17T07:53:06","slug":"unable-to-charge-the-protemp-plus-series-stand","status":"publish","type":"avada_faq","link":"https:\/\/www.chefstemp.com\/de\/faq-items\/der-protemp-plus-series-stander-kann-nicht-geladen-werden\/","title":{"rendered":"Plus-Serie: Ich kann den Stand nicht aufladen."},"content":{"rendered":"<p>Bitte beachten Sie, dass der Anschluss auf der linken Seite zum Aufladen des St\u00e4nders dient, w\u00e4hrend der Anschluss auf der rechten Seite es dem St\u00e4nder erm\u00f6glicht, andere Ger\u00e4te aufzuladen.<\/p>\n<p>Wir empfehlen Ihnen die Verwendung eines beliebigen <strong>5V2A DC-Ladeblock <\/strong>Laden Sie den St\u00e4nder auf und achten Sie darauf, dass der Ladeanschluss nicht nass wird. Sie k\u00f6nnen sich dazu dieses Video ansehen: <a rel=\"nofollow noopener\" href=\"https:\/\/www.youtube.com\/watch?v=kXeDwjoBayk\" target=\"_blank\">Sicheres Laden Ihrer ProTemp Plus-Serie<\/a>.<\/p>\n<p>Beim Laden des St\u00e4nders wird auf dem Display ein Ladeanimationsvideo mit dem wei\u00dfen Akkusymbol angezeigt. Nach vollst\u00e4ndiger Aufladung blinkt das Symbol. Trennen Sie nun das Ladekabel; das Akkusymbol leuchtet nun dauerhaft.<\/p>\n<p>Falls Sie Probleme beim Aufladen Ihres Stand haben, filmen Sie bitte den Ladevorgang und senden Sie das Video an info@chefstemp.com. Wir werden das Problem analysieren und f\u00fcr Sie l\u00f6sen.<\/p>","protected":false},"excerpt":{"rendered":"<p>Please note that the port on the left is for<\/p>","protected":false},"author":145870,"featured_media":0,"menu_order":0,"comment_status":"open","ping_status":"closed","template":"","format":"standard","meta":{"_acf_changed":false,"footnotes":""},"faq_category":[1413],"class_list":["post-45096","avada_faq","type-avada_faq","status-publish","format-standard","hentry","faq_category-tech-support-questions"],"acf":[],"_links":{"self":[{"href":"https:\/\/www.chefstemp.com\/de\/wp-json\/wp\/v2\/avada_faq\/45096","targetHints":{"allow":["GET"]}}],"collection":[{"href":"https:\/\/www.chefstemp.com\/de\/wp-json\/wp\/v2\/avada_faq"}],"about":[{"href":"https:\/\/www.chefstemp.com\/de\/wp-json\/wp\/v2\/types\/avada_faq"}],"author":[{"embeddable":true,"href":"https:\/\/www.chefstemp.com\/de\/wp-json\/wp\/v2\/users\/145870"}],"replies":[{"embeddable":true,"href":"https:\/\/www.chefstemp.com\/de\/wp-json\/wp\/v2\/comments?post=45096"}],"version-history":[{"count":5,"href":"https:\/\/www.chefstemp.com\/de\/wp-json\/wp\/v2\/avada_faq\/45096\/revisions"}],"predecessor-version":[{"id":45465,"href":"https:\/\/www.chefstemp.com\/de\/wp-json\/wp\/v2\/avada_faq\/45096\/revisions\/45465"}],"wp:attachment":[{"href":"https:\/\/www.chefstemp.com\/de\/wp-json\/wp\/v2\/media?parent=45096"}],"wp:term":[{"taxonomy":"faq_category","embeddable":true,"href":"https:\/\/www.chefstemp.com\/de\/wp-json\/wp\/v2\/faq_category?post=45096"}],"curies":[{"name":"wp","href":"https:\/\/api.w.org\/{rel}","templated":true}]}}

<p>Bitte beachten Sie, dass der Anschluss auf der linken Seite zum Aufladen des Ständers dient, während der Anschluss auf der rechten Seite es dem Ständer ermöglicht, andere Geräte aufzuladen.</p>
<p>Wir empfehlen Ihnen die Verwendung eines beliebigen <strong>5V2A DC-Ladeblock </strong>Laden Sie den Ständer auf und achten Sie darauf, dass der Ladeanschluss nicht nass wird. Sie können sich dazu dieses Video ansehen: <a rel="nofollow noopener" href="https://www.youtube.com/watch?v=kXeDwjoBayk" target="_blank">Sicheres Laden Ihrer ProTemp Plus-Serie</a>.</p>
<p>Beim Laden des Ständers wird auf dem Display ein Ladeanimationsvideo mit dem weißen Akkusymbol angezeigt. Nach vollständiger Aufladung blinkt das Symbol. Trennen Sie nun das Ladekabel; das Akkusymbol leuchtet nun dauerhaft.</p>
<p>Falls Sie Probleme beim Aufladen Ihres Stand haben, filmen Sie bitte den Ladevorgang und senden Sie das Video an info@chefstemp.com. Wir werden das Problem analysieren und für Sie lösen.</p>
