{"id":45072,"date":"2025-10-13T16:19:35","date_gmt":"2025-10-13T08:19:35","guid":{"rendered":"https:\/\/www.chefstemp.com\/?post_type=avada_faq&#038;p=45072"},"modified":"2025-10-17T16:34:53","modified_gmt":"2025-10-17T08:34:53","slug":"s1-backlight-cannot-be-turned-off","status":"publish","type":"avada_faq","link":"https:\/\/www.chefstemp.com\/fr\/faq-items\/le-retroeclairage-s1-ne-peut-pas-etre-desactive\/","title":{"rendered":"S1 : Son r\u00e9tro\u00e9clairage ne peut pas \u00eatre \u00e9teint."},"content":{"rendered":"<p>Vous pouvez r\u00e9initialiser votre S1 en utilisant une aiguille pour appuyer sur le <strong>Bouton de r\u00e9initialisation<\/strong> \u00e0 c\u00f4t\u00e9 du port de chargement. La r\u00e9initialisation sera termin\u00e9e lorsque l&#039;\u00e9cran s&#039;allumera bri\u00e8vement. Vous pouvez regarder cette vid\u00e9o\u00a0: <a rel=\"nofollow noopener\" href=\"https:\/\/www.youtube.com\/watch?v=rT-PIUaS1WQ&amp;list=PL1BBFQPP6Q9592Hesn3zbgozt-Ac6hvli&amp;index=11.\" target=\"_blank\">R\u00e9initialisation du ProTemp S1<\/a>.<\/p>\n<p>Nous vous recommandons d&#039;utiliser le c\u00e2ble de charge fourni. D&#039;autres c\u00e2bles pourraient ne pas \u00eatre compatibles. Veuillez noter que la puissance de votre chargeur ne doit pas d\u00e9passer 20 W. Utilisez un adaptateur secteur 5 V\/2 A et non un adaptateur secteur, car cela pourrait endommager l&#039;appareil.<\/p>\n<p>Si le probl\u00e8me persiste, veuillez filmer le probl\u00e8me et envoyer la vid\u00e9o \u00e0 info@chefstemp.com pour confirmation.<\/p>","protected":false},"excerpt":{"rendered":"<p>You can reset your S1 by using a needle to<\/p>","protected":false},"author":145870,"featured_media":0,"menu_order":0,"comment_status":"open","ping_status":"closed","template":"","format":"standard","meta":{"_acf_changed":false,"footnotes":""},"faq_category":[1413],"class_list":["post-45072","avada_faq","type-avada_faq","status-publish","format-standard","hentry","faq_category-tech-support-questions"],"acf":[],"_links":{"self":[{"href":"https:\/\/www.chefstemp.com\/fr\/wp-json\/wp\/v2\/avada_faq\/45072","targetHints":{"allow":["GET"]}}],"collection":[{"href":"https:\/\/www.chefstemp.com\/fr\/wp-json\/wp\/v2\/avada_faq"}],"about":[{"href":"https:\/\/www.chefstemp.com\/fr\/wp-json\/wp\/v2\/types\/avada_faq"}],"author":[{"embeddable":true,"href":"https:\/\/www.chefstemp.com\/fr\/wp-json\/wp\/v2\/users\/145870"}],"replies":[{"embeddable":true,"href":"https:\/\/www.chefstemp.com\/fr\/wp-json\/wp\/v2\/comments?post=45072"}],"version-history":[{"count":5,"href":"https:\/\/www.chefstemp.com\/fr\/wp-json\/wp\/v2\/avada_faq\/45072\/revisions"}],"predecessor-version":[{"id":45483,"href":"https:\/\/www.chefstemp.com\/fr\/wp-json\/wp\/v2\/avada_faq\/45072\/revisions\/45483"}],"wp:attachment":[{"href":"https:\/\/www.chefstemp.com\/fr\/wp-json\/wp\/v2\/media?parent=45072"}],"wp:term":[{"taxonomy":"faq_category","embeddable":true,"href":"https:\/\/www.chefstemp.com\/fr\/wp-json\/wp\/v2\/faq_category?post=45072"}],"curies":[{"name":"wp","href":"https:\/\/api.w.org\/{rel}","templated":true}]}}

S1 : Son rétroéclairage ne peut pas être éteint.

<p>Vous pouvez réinitialiser votre S1 en utilisant une aiguille pour appuyer sur le <strong>Bouton de réinitialisation</strong> à côté du port de chargement. La réinitialisation sera terminée lorsque l&#039;écran s&#039;allumera brièvement. Vous pouvez regarder cette vidéo : <a rel="nofollow noopener" href="https://www.youtube.com/watch?v=rT-PIUaS1WQ&amp;list=PL1BBFQPP6Q9592Hesn3zbgozt-Ac6hvli&amp;index=11." target="_blank">Réinitialisation du ProTemp S1</a>.</p>
<p>Nous vous recommandons d&#039;utiliser le câble de charge fourni. D&#039;autres câbles pourraient ne pas être compatibles. Veuillez noter que la puissance de votre chargeur ne doit pas dépasser 20 W. Utilisez un adaptateur secteur 5 V/2 A et non un adaptateur secteur, car cela pourrait endommager l&#039;appareil.</p>
<p>Si le problème persiste, veuillez filmer le problème et envoyer la vidéo à info@chefstemp.com pour confirmation.</p>
